 Let s(x) = 4*x - 14. Let f(p) = -3*o(p) + 2*s(p). Suppose -6*d = -3*d. Give f(d).
14
Let v be -2 + 5/((-10)/(-4)). Let u(f) = 5*f - 3*f + v - 4*f**2 + 2*f**2 - 1. Let q(y) = 20*y - 179. Let d be q(9). Calculate u(d).
-1
Let v(x) = 3*x - 5. Let u(w) = w**3 + 21*w**2 + 2*w + 47. Let s = 44 + -65. Let d be u(s). Determine v(d).
10
Let p be (60/35)/((-4)/(-14)). Suppose 2*o - p = 3*o. Let r(n) be the third derivative of n**6/120 + 7*n**5/60 + n**4/3 + n**3/3 + n**2. Calculate r(o).
-10
Let h(p) = 2*p + 4. Suppose 4*k = -2*s - 1 - 25, s - 7 = 3*k. Let u(n) = -3*n - 5. Let j(i) = s*u(i) - 6*h(i). Determine j(-6).
-17
Let g be 1 + 3 - (-24)/18*3. Let b(n) = -n**2 + 9*n - 7. Calculate b(g).
1
Let v(u) = 8 - u + 5 + 1 + 0*u. Let t be v(11). Let j(c) = -t*c**2 + 2*c**3 - c**3 - 4*c + 4 + c**2 + 0*c**2. Calculate j(3).
1
Let k(q) = -6*q**2 + 211 - 201 + 3*q**3 + 2*q - 3*q**3 - 3*q**2 + q**3. What is k(9)?
28
Let b(j) = j**3 + 4*j**2 + j - 3. Let g be b(-3). Suppose -g*k = -22 + 10. Let w(l) = k*l + 2*l**3 + l**2 + 5*l**2 - l**3. Give w(-5).
5
Let s = -149 - -149. Let l(v) = -15 - v + 9 + 4 + s*v. Calculate l(-8).
6
Let z(r) = -36*r**3 + 7 + 37*r**3 + 0*r**2 + 4*r**2. Give z(-5).
-18
Let h(q) = -q**2 + 14*q - 18. Let o(k) = k**2 + k - 17. Let s be o(-6). What is h(s)?
-5
Let t(r) = r - 4 - 126*r**3 + 63*r**3 + 4*r**2 + 62*r**3. What is t(3)?
8
Let m(p) be the first derivative of 7/24*p**4 + 0*p + 3 + 7/3*p**3 + 1/120*p**5 + 0*p**2. Let f(o) be the third derivative of m(o). Determine f(-6).
1
Let r(j) be the third derivative of 0 + 1/12*j**4 + 1/2*j**3 + 7*j**2 + 0*j. What is r(-3)?
-3
Suppose -108 = 17*k - 6. Let s(j) = j**2 + 7*j + 1. Calculate s(k).
-5
Let k be (-3)/6*(0 + 0). Suppose -4*g + 5*m = -5, -4*g + 2*m + 9 = -g. Suppose 5*o + 4*q - g*q - 20 = k, -4*o + 5*q = -37. Let s(t) = -t + 6. What is s(o)?
3
Let l(b) = b**3 + 14 - 6*b**3 - 8*b**3 - 15*b**2 + 2*b**3 + 10*b**3 - 12*b. Calculate l(-14).
-14
Let f(b) = -14*b - b**3 + b - 5*b**2 - 7 + 6*b + b - 4*b**2. Calculate f(-8).
-23
Let n(c) = 8*c**3 - 3*c**2 - 2*c + 2. Let b be n(-1). Let s(h) = -h**2 - 7*h - 4. Determine s(b).
-4
Let y(b) = b**2 - b - 1. Suppose -525*k + 535*k - 40 = 0. Give y(k).
11
Let c = 33 - 25. Let n(u) = -10*u + u**2 - c + 8 + 4*u. Suppose 5*l - 12 = -5*v + 3*v, 5*l = 4*v - 24. Calculate n(v).
0
Let f(q) be the first derivative of -13/6*q**3 - 2*q - 1/2*q**2 + 4. Let r(s) be the first derivative of f(s). Determine r(-1).
12
Let y = -6 - -4. Let j(f) be the third derivative of 0 - f**2 + 0*f**3 - 1/24*f**4 + 0*f. Determine j(y).
2
Let j(t) = -346 + 3*t**3 + 2*t - 2*t**2 - 2*t**3 + 2*t + 344. What is j(3)?
19
Let r = -5 - -2. Let s(l) be the third derivative of 1/120*l**6 + 0*l**3 + 1/15*l**5 + 1/12*l**4 + 0*l + 0 + 30*l**2. What is s(r)?
3
Suppose 0 = -5*p + 7 + 8. Let s(z) = 3*z - p*z**2 - 3*z + z + 4*z**2 - 10. Determine s(0).
-10
Let u(z) be the second derivative of z**5/60 + z**4/8 + z**3/2 + 17*z**2/2 + 16*z. Let i(t) be the first derivative of u(t). Calculate i(-6).
21
Let p = -419 - -10061/24. Let t(r) be the third derivative of -p*r**4 + 1/3*r**3 + 0 + 0*r - 4*r**2 - 1/30*r**5. Calculate t(-4).
-10
Suppose -s - 3*s + r = -19, 0 = 4*s - 3*r - 17. Let m(f) = -8*f - 1. What is m(s)?
-41
Let c(v) be the second derivative of -v**5/20 - v**4/12 + v**3/6 + 3*v**2 - 2*v + 17. Determine c(0).
6
Let f(d) be the first derivative of 1/3*d**3 + d**2 - 25 + 0*d. Let r(n) = -n**2 + 4*n - 2. Let h be r(4). Determine f(h).
0
Suppose 6*u + 8*u - 14 = 0. Let l(r) be the third derivative of -r**5/20 + r**4/12 - r**3/6 - 12*r**2. Give l(u).
-2
Let y(j) = -j**2 + j + 13. Suppose -8*u + 12*u + 2*r - 10 = 0, -5*r + 25 = u. Determine y(u).
13
Suppose -12 = -2*p - 2. Let v(x) = 4*x + 4. Let y(n) = 3*n + 3. Let s(f) = p*y(f) - 4*v(f). Give s(2).
-3
Let l(t) = t + 1. Let k be l(2). Let i(r) be the second derivative of r**3/6 - 2*r**2 + 5*r. Determine i(k).
-1
Let h(n) = 5*n**2 + 9*n - 3. Let o(j) = 4*j**2 + 8*j - 3. Let s(g) = -3*h(g) + 4*o(g). Let l be s(-7). Let a(y) = 0*y**2 + y**2 - l + 7 - 3*y. Determine a(3).
-4
Let i(q) = -2*q - 17. Let w(c) = -c - 17. Let v(a) = 2*i(a) - 3*w(a). What is v(15)?
2
Let v(l) be the second derivative of -3*l**5/4 - l**4/6 + l**3/3 - l**2/2 + 12*l. Calculate v(1).
-16
Let j(t) be the third derivative of t**6/36 - t**5/120 - t**4/24 - 13*t**3/6 - 13*t**2. Let c(l) be the first derivative of j(l). Determine c(-1).
10
Let x(d) = 3*d + 9. Suppose 4*z + 10 = 5*n, 4*z - 4*n + 6*n = -24. Determine x(z).
-6
Let r(n) be the third derivative of -n**6/120 + 3*n**5/20 + n**3/3 - 13*n**2 - 2*n. What is r(9)?
2
Let a(v) = 0 - 21*v + 2 - 1. Calculate a(-1).
22
Let y = 24 + 56. Let m(l) = -y - l - l + 84. What is m(3)?
-2
Suppose -107*w + 142 + 72 = 0. Let o(s) = -s**3 + 4*s - 4. Give o(w).
-4
Suppose 24 = v + 3*v. Let s(b) = 0*b - 2*b + v*b. Let a be 2/(-9) - ((-1035)/(-81) - 12). Calculate s(a).
-4
Let y be 2/4 + 33/6. Let n(v) = -30*v - 1. Let d(h) = 241*h + 7. Let k(g) = -d(g) - 8*n(g). Calculate k(y).
-5
Suppose 3*m = 3*d - 27, -m = 4*d + 4*m. Let h(o) be the third derivative of 1/12*o**4 + 0 + 2*o**2 + 0*o + 0*o**3. Give h(d).
10
Let l(s) = -8*s**2 + 9*s + 8*s**2 + 10*s**2 - 11*s**2 - 3. Give l(8).
5
Let n(q) = 8*q - 5 - 34*q**2 - q + 35*q**2 + 1. What is n(-9)?
14
Let v = -230 - -236. Let a(q) = -2*q**3 - 7*q**2 + 8*q - 2. Let k(i) = -5*i**3 - 14*i**2 + 16*i - 5. Let g(r) = 7*a(r) - 3*k(r). Calculate g(v).
13
Let c(h) = -h**3 + 2*h + 1. Let u(o) = 1 - 8 + 6 + 30 - 2*o. Let s be u(15). What is c(s)?
0
Let k be ((-6)/5)/((-1)/(-5)). Let n(d) = -10*d - 10. Let p(q) = 2*q + 2. Let v(a) = k*n(a) - 28*p(a). Give v(3).
16
Let c(a) = -180*a + 3 + 176*a - 3*a**2 - 4 - 3*a**2. Give c(-1).
-3
Let z = -150 + 147. Let v(g) = -2*g**2 - 5*g - 4. Determine v(z).
-7
Let w(b) = -7*b**3 + 15*b**2 - 7*b - 5. Let n(c) = 4*c**3 - 8*c**2 + 4*c + 3. Let k(j) = -11*n(j) - 6*w(j). Let x = -5 - -3. Give k(x).
9
Let w(p) be the second derivative of p**3/6 + 5*p**2/2 - p. Let s = 66 + -58. Suppose s*n - 5 = 9*n. Determine w(n).
0
Let k(x) = -x**3 + 17*x**2 + 19*x - 16. Suppose 93 = 5*d + n, 18*d - 17*d + 5*n - 33 = 0. Determine k(d).
2
Let o = -32 + 29. Let s(q) = 3*q**2 + 5*q + 2. Give s(o).
14
Suppose -8*p - 8*p = -32. Let l(i) = i**p + 10 + 6*i + i**2 - 1 - 3*i**2. Calculate l(7).
2
Let x(k) = -5891 + 5*k + 5894 + 5*k. Determine x(-2).
-17
Suppose -4*a - 9 + 17 = 0. Let m be (4 - (-6 - -12))*(-1)/a. Let j(s) = -8*s - 1. Give j(m).
-9
Let o(q) be the first derivative of -q**4/4 + 8*q**3/3 - 5*q - 330. Determine o(8).
-5
Let g be ((-10)/(-4))/((-4)/(-8)). Let c = g + -1. Suppose 2*d - 2 = 3*w - 2*d, c*d = 5*w + 14. Let a(i) = -i**2 - 7*i - 2. Determine a(w).
4
Let v(c) = 7*c - 164. Let z(n) = -n + 26. Let w(q) = -6*v(q) - 39*z(q). What is w(-11)?
3
Let v(k) = -2 + 8 - 3*k - 12*k**2 + 5*k**2 + k**3. Let s be (-1232)/440*(-10)/4. What is v(s)?
-15
Suppose 5*g + 0*g = 5. Suppose 4*y = -d + 21, 4*y + 2*d - 11 = 15. Let w(r) = 4*r**2 - 4 - y*r**3 + 2 + 3 - 2*r**2 - 2*r. What is w(g)?
-3
Let c = 177 + -173. Let a(y) = -y**2 + 5*y - 9. Determine a(c).
-5
Let j(u) = u**2 + 5*u - 3. Suppose -f + 15 = -4*o, 4*o - 13 = -3*f - 32. Calculate j(o).
-7
Let g(p) = -1 + 4 + 12*p - 2. Let h(o) = -o**2 - 3*o + 14. Let b be h(-6). Let l be 12/b*(-2)/6. Determine g(l).
13
Let c(x) = -x + 4. Let f be c(-4). Suppose 32*r - 31*r - f = 0. Let d(o) = o - 3. Calculate d(r).
5
Let r(a) be the third derivative of -4*a**2 + 0*a + 0 + 7/24*a**4 - 1/6*a**3. Give r(1).
6
Let a(c) = -c**3 - 8*c**2 - 7*c - 3. Suppose 2*j + 3*m + 20 = 0, -11*m - 3 = j - 13*m. Calculate a(j).
-3
Suppose -11 = 4*t + 25. Let v(d) be the third derivative of d**6/120 + d**5/6 + 3*d**4/8 - d**3/3 - 5471*d**2. Calculate v(t).
-2
Suppose 4*p + 4*u = 30 + 34, 0 = -2*p + 2*u + 20. Suppose -3*x - p = b + 1, -4*b - 23 = x. Let l(d) = -2*d**2 - 2*d + 1. What is l(x)?
-11
Let g = 58 - 56. Let o(k) = 0*k - 5 + 10*k**2 - 16*k**2 + 7*k**g - 2*k. Give o(-4).
19
Let f = -23 + 21. Let b = f - 0. Let k(m) = -4*m - 1. Give k(b).
7
Let f(o) = 42*o - 16 + 6 - 43*o. Give f(7).
-17
Suppose 2*q - 2*w = -6*w + 2, 0 = 2*q + 2*w - 6. Let y(r) be the second derivative of 1/6*r**3 + 0 - 1/2*r**2 - 2*r. Calculate y(q).
4
Suppose 0 = z - 3, -36*d + 34*d = 2*z - 14. Let l(y) be 